{"id":1275,"date":"2021-06-11T13:13:16","date_gmt":"2021-06-11T11:13:16","guid":{"rendered":"https:\/\/eleganti-bauunternehmung.ch\/?page_id=1275"},"modified":"2021-08-30T14:04:26","modified_gmt":"2021-08-30T12:04:26","slug":"leichtbau-und-systembau","status":"publish","type":"page","link":"https:\/\/eleganti-bauunternehmung.ch\/?page_id=1275","title":{"rendered":"LEICHTBAU- UND SYSTEMBAU"},"content":{"rendered":"\t\t<div data-elementor-type=\"wp-page\" data-elementor-id=\"1275\" class=\"elementor elementor-1275\" data-elementor-post-type=\"page\">\n\t\t\t\t\t\t<section class=\"elementor-section elementor-top-section elementor-element elementor-element-276b69ea elementor-section-height-min-height elementor-section-items-bottom elementor-section-boxed elementor-section-height-default\" data-id=\"276b69ea\" data-element_type=\"section\" data-e-type=\"section\" data-settings=\"{&quot;background_background&quot;:&quot;classic&quot;}\">\n\t\t\t\t\t\t\t<div class=\"elementor-background-overlay\"><\/div>\n\t\t\t\t\t\t\t<div class=\"elementor-container elementor-column-gap-default\">\n\t\t\t\t\t<div class=\"elementor-column elementor-col-100 elementor-top-column elementor-element elementor-element-31959630\" data-id=\"31959630\" data-element_type=\"column\" data-e-type=\"column\">\n\t\t\t<div class=\"elementor-widget-wrap elementor-element-populated\">\n\t\t\t\t\t\t<div class=\"elementor-element elementor-element-6a971d32 elementor-widget elementor-widget-heading\" data-id=\"6a971d32\" data-element_type=\"widget\" data-e-type=\"widget\" data-widget_type=\"heading.default\">\n\t\t\t\t<div class=\"elementor-widget-container\">\n\t\t\t\t\t<h2 class=\"elementor-heading-title elementor-size-default\">LEICHTBAU- UND SYSTEMBAU<\/h2>\t\t\t\t<\/div>\n\t\t\t\t<\/div>\n\t\t\t\t\t<\/div>\n\t\t<\/div>\n\t\t\t\t\t<\/div>\n\t\t<\/section>\n\t\t\t\t<section class=\"elementor-section elementor-top-section elementor-element elementor-element-5594a83a elementor-section-boxed elementor-section-height-default elementor-section-height-default\" data-id=\"5594a83a\" data-element_type=\"section\" data-e-type=\"section\">\n\t\t\t\t\t\t<div class=\"elementor-container elementor-column-gap-default\">\n\t\t\t\t\t<div class=\"elementor-column elementor-col-100 elementor-top-column elementor-element elementor-element-607b2da2\" data-id=\"607b2da2\" data-element_type=\"column\" data-e-type=\"column\">\n\t\t\t<div class=\"elementor-widget-wrap elementor-element-populated\">\n\t\t\t\t\t\t<div class=\"elementor-element elementor-element-6af39bb1 elementor-widget elementor-widget-text-editor\" data-id=\"6af39bb1\" data-element_type=\"widget\" data-e-type=\"widget\" data-widget_type=\"text-editor.default\">\n\t\t\t\t<div class=\"elementor-widget-container\">\n\t\t\t\t\t\t\t\t\t<p>Leichtbau und Systembau sind die schnellsten, effektivsten und flexibelsten Formen des Bauens. Dank kurzer Trocknungszeiten gibt es im Bauwerk kaum Feuchtigkeit. Zudem sind Aufteilungen und Formen frei w\u00e4hlbar.<br \/><br \/>Die ELEGANTI Bauunternehmung AG aus Luzern ist Ihr erfahrener Partner vor Ort. Gerne kl\u00e4ren wir mit Ihnen gemeinsam, ob bei Ihrem Objekt die Voraussetzungen f\u00fcr Trockenbau, Leicht- oder Systembau gegeben sind. Zudem koordinieren wir alle Arbeiten auf Ihre individuellen Bed\u00fcrfnisse zugeschnitten.<\/p>\t\t\t\t\t\t\t\t<\/div>\n\t\t\t\t<\/div>\n\t\t\t\t\t<\/div>\n\t\t<\/div>\n\t\t\t\t\t<\/div>\n\t\t<\/section>\n\t\t\t\t<section class=\"elementor-section elementor-top-section elementor-element elementor-element-5fd99cc0 elementor-section-boxed elementor-section-height-default elementor-section-height-default\" data-id=\"5fd99cc0\" data-element_type=\"section\" data-e-type=\"section\" data-settings=\"{&quot;background_background&quot;:&quot;classic&quot;}\">\n\t\t\t\t\t\t\t<div class=\"elementor-background-overlay\"><\/div>\n\t\t\t\t\t\t\t<div class=\"elementor-container elementor-column-gap-default\">\n\t\t\t\t\t<div class=\"elementor-column elementor-col-100 elementor-top-column elementor-element elementor-element-7ca63204\" data-id=\"7ca63204\" data-element_type=\"column\" data-e-type=\"column\">\n\t\t\t<div class=\"elementor-widget-wrap elementor-element-populated\">\n\t\t\t\t\t\t<div class=\"elementor-element elementor-element-67f4640c elementor-widget elementor-widget-heading\" data-id=\"67f4640c\" data-element_type=\"widget\" data-e-type=\"widget\" data-widget_type=\"heading.default\">\n\t\t\t\t<div class=\"elementor-widget-container\">\n\t\t\t\t\t<h2 class=\"elementor-heading-title elementor-size-default\">Umfangreiche Bauprojekte mit gepr\u00fcften Systemen<\/h2>\t\t\t\t<\/div>\n\t\t\t\t<\/div>\n\t\t\t\t<div class=\"elementor-element elementor-element-2aad4dd2 elementor-widget-divider--view-line elementor-widget elementor-widget-divider\" data-id=\"2aad4dd2\" data-element_type=\"widget\" data-e-type=\"widget\" data-widget_type=\"divider.default\">\n\t\t\t\t<div class=\"elementor-widget-container\">\n\t\t\t\t\t\t\t<div class=\"elementor-divider\">\n\t\t\t<span class=\"elementor-divider-separator\">\n\t\t\t\t\t\t<\/span>\n\t\t<\/div>\n\t\t\t\t\t\t<\/div>\n\t\t\t\t<\/div>\n\t\t\t\t<div class=\"elementor-element elementor-element-de33c43 elementor-widget elementor-widget-text-editor\" data-id=\"de33c43\" data-element_type=\"widget\" data-e-type=\"widget\" data-widget_type=\"text-editor.default\">\n\t\t\t\t<div class=\"elementor-widget-container\">\n\t\t\t\t\t\t\t\t\t<p>Zusammen mit Fachplanern und Architekten setzen wir Kundenw\u00fcnsche um, wobei die ELEGANTI Bauunternehmung AG von der Beratung \u00fcber die Werksplanung und Materialbestellung bis hin zur Logistik und Montage s\u00e4mtliche Schritte in Eigenregie abwickelt. Sie haben nur einen kompetenten Ansprechpartner, der Ihnen jederzeit f\u00fcr Fragen und W\u00fcnsche zur Verf\u00fcgung steht.<br \/><br \/>In hauseigener Produktion oder bei Ihnen vor Ort fertigen versierte ELEGANTI Handwerkerteams Leichtbaumodule und Systemelemente aus hochwertigen Materialien. Bei Bedarf k\u00fcmmern sich versierte Logistikexperten um die Just-in-time-Lieferung auf Ihre Baustelle.<\/p>\t\t\t\t\t\t\t\t<\/div>\n\t\t\t\t<\/div>\n\t\t\t\t<div class=\"elementor-element elementor-element-53ce7c9e elementor-widget elementor-widget-heading\" data-id=\"53ce7c9e\" data-element_type=\"widget\" data-e-type=\"widget\" data-widget_type=\"heading.default\">\n\t\t\t\t<div class=\"elementor-widget-container\">\n\t\t\t\t\t<h2 class=\"elementor-heading-title elementor-size-default\">Vom Rohbau bis zur Nutzung in Rekordzeit<\/h2>\t\t\t\t<\/div>\n\t\t\t\t<\/div>\n\t\t\t\t<div class=\"elementor-element elementor-element-5fbb6d6f elementor-widget-divider--view-line elementor-widget elementor-widget-divider\" data-id=\"5fbb6d6f\" data-element_type=\"widget\" data-e-type=\"widget\" data-widget_type=\"divider.default\">\n\t\t\t\t<div class=\"elementor-widget-container\">\n\t\t\t\t\t\t\t<div class=\"elementor-divider\">\n\t\t\t<span class=\"elementor-divider-separator\">\n\t\t\t\t\t\t<\/span>\n\t\t<\/div>\n\t\t\t\t\t\t<\/div>\n\t\t\t\t<\/div>\n\t\t\t\t<div class=\"elementor-element elementor-element-7e358ee1 elementor-widget elementor-widget-text-editor\" data-id=\"7e358ee1\" data-element_type=\"widget\" data-e-type=\"widget\" data-widget_type=\"text-editor.default\">\n\t\t\t\t<div class=\"elementor-widget-container\">\n\t\t\t\t\t\t\t\t\t<p>Leichtbauw\u00e4nde und Systembauten werden nach bew\u00e4hrten Prinzipien montiert. Je nach Geb\u00e4udegr\u00f6sse und Projektumfang steht nach wenigen Stunden bis Tagen der fertige Rohbau. Bei den Aussenw\u00e4nden sind Fenster und T\u00fcren bereits in die Bauelemente integriert, sodass keine Feuchtigkeit von aussen in das Geb\u00e4ude gelangen kann.<br \/><br \/>Die ELEGANTI Bauunternehmung AG besch\u00e4ftigt eine Vielzahl erfahrener Handwerker aus den verschiedensten Sparten, darunter Trockenbauer, Metallbauer, Glaser, Schreiner, Elektriker, Gas-, Wasser- und Heizungsmonteure, Maler und Bodenleger. Dank zentraler Koordination arbeiten die Teams planm\u00e4ssig Hand in Hand. Das stellt nicht nur die Einhaltung des Zeitbudgets und die Funktionalit\u00e4t der Leichtbau und Systembauprojekte sicher, sondern b\u00fcrgt auch f\u00fcr Qualit\u00e4t!<br \/><br \/>\u00dcbrigens: ELEGANTI Leichtbausysteme k\u00f6nnen wir so planen, dass sich Ihr Geb\u00e4ude noch nach Jahren bedarfsgerecht erweitern oder aufstocken l\u00e4sst. Sprechen Sie mit uns dar\u00fcber. Es lohnt sich!<\/p>\t\t\t\t\t\t\t\t<\/div>\n\t\t\t\t<\/div>\n\t\t\t\t\t<\/div>\n\t\t<\/div>\n\t\t\t\t\t<\/div>\n\t\t<\/section>\n\t\t\t\t<section class=\"elementor-section elementor-top-section elementor-element elementor-element-5aa148ae elementor-section-full_width elementor-section-height-default elementor-section-height-default\" data-id=\"5aa148ae\" data-element_type=\"section\" data-e-type=\"section\">\n\t\t\t\t\t\t<div class=\"elementor-container elementor-column-gap-no\">\n\t\t\t\t\t<div class=\"elementor-column elementor-col-33 elementor-top-column elementor-element elementor-element-3670359e\" data-id=\"3670359e\" data-element_type=\"column\" data-e-type=\"column\">\n\t\t\t<div class=\"elementor-widget-wrap elementor-element-populated\">\n\t\t\t\t\t\t<div class=\"elementor-element elementor-element-4dc63184 elementor-widget elementor-widget-image\" data-id=\"4dc63184\" data-element_type=\"widget\" data-e-type=\"widget\" data-widget_type=\"image.default\">\n\t\t\t\t<div class=\"elementor-widget-container\">\n\t\t\t\t\t\t\t\t\t\t\t\t\t\t\t<img fetchpriority=\"high\" decoding=\"async\" width=\"900\" height=\"601\" src=\"https:\/\/eleganti-bauunternehmung.ch\/wp-content\/uploads\/2021\/06\/eleganti-LEICHTBAU-UND-SYSTEMBAU_3.jpg\" class=\"attachment-large size-large wp-image-2381\" alt=\"\" srcset=\"https:\/\/eleganti-bauunternehmung.ch\/wp-content\/uploads\/2021\/06\/eleganti-LEICHTBAU-UND-SYSTEMBAU_3.jpg 900w, https:\/\/eleganti-bauunternehmung.ch\/wp-content\/uploads\/2021\/06\/eleganti-LEICHTBAU-UND-SYSTEMBAU_3-600x400.jpg 600w, https:\/\/eleganti-bauunternehmung.ch\/wp-content\/uploads\/2021\/06\/eleganti-LEICHTBAU-UND-SYSTEMBAU_3-768x513.jpg 768w\" sizes=\"(max-width: 900px) 100vw, 900px\" \/>\t\t\t\t\t\t\t\t\t\t\t\t\t\t\t<\/div>\n\t\t\t\t<\/div>\n\t\t\t\t\t<\/div>\n\t\t<\/div>\n\t\t\t\t<div class=\"elementor-column elementor-col-33 elementor-top-column elementor-element elementor-element-408e0571\" data-id=\"408e0571\" data-element_type=\"column\" data-e-type=\"column\">\n\t\t\t<div class=\"elementor-widget-wrap elementor-element-populated\">\n\t\t\t\t\t\t<div class=\"elementor-element elementor-element-6c0320ec elementor-widget elementor-widget-image\" data-id=\"6c0320ec\" data-element_type=\"widget\" data-e-type=\"widget\" data-widget_type=\"image.default\">\n\t\t\t\t<div class=\"elementor-widget-container\">\n\t\t\t\t\t\t\t\t\t\t\t\t\t\t\t<img decoding=\"async\" width=\"900\" height=\"601\" src=\"https:\/\/eleganti-bauunternehmung.ch\/wp-content\/uploads\/2021\/06\/eleganti-LEICHTBAU-UND-SYSTEMBAU_1.jpg\" class=\"attachment-large size-large wp-image-2383\" alt=\"\" srcset=\"https:\/\/eleganti-bauunternehmung.ch\/wp-content\/uploads\/2021\/06\/eleganti-LEICHTBAU-UND-SYSTEMBAU_1.jpg 900w, https:\/\/eleganti-bauunternehmung.ch\/wp-content\/uploads\/2021\/06\/eleganti-LEICHTBAU-UND-SYSTEMBAU_1-600x400.jpg 600w, https:\/\/eleganti-bauunternehmung.ch\/wp-content\/uploads\/2021\/06\/eleganti-LEICHTBAU-UND-SYSTEMBAU_1-768x513.jpg 768w\" sizes=\"(max-width: 900px) 100vw, 900px\" \/>\t\t\t\t\t\t\t\t\t\t\t\t\t\t\t<\/div>\n\t\t\t\t<\/div>\n\t\t\t\t\t<\/div>\n\t\t<\/div>\n\t\t\t\t<div class=\"elementor-column elementor-col-33 elementor-top-column elementor-element elementor-element-415d4de3\" data-id=\"415d4de3\" data-element_type=\"column\" data-e-type=\"column\">\n\t\t\t<div class=\"elementor-widget-wrap elementor-element-populated\">\n\t\t\t\t\t\t<div class=\"elementor-element elementor-element-4f198777 elementor-widget elementor-widget-image\" data-id=\"4f198777\" data-element_type=\"widget\" data-e-type=\"widget\" data-widget_type=\"image.default\">\n\t\t\t\t<div class=\"elementor-widget-container\">\n\t\t\t\t\t\t\t\t\t\t\t\t\t\t\t<img decoding=\"async\" width=\"900\" height=\"601\" src=\"https:\/\/eleganti-bauunternehmung.ch\/wp-content\/uploads\/2021\/06\/eleganti-LEICHTBAU-UND-SYSTEMBAU_2.jpg\" class=\"attachment-large size-large wp-image-2382\" alt=\"\" srcset=\"https:\/\/eleganti-bauunternehmung.ch\/wp-content\/uploads\/2021\/06\/eleganti-LEICHTBAU-UND-SYSTEMBAU_2.jpg 900w, https:\/\/eleganti-bauunternehmung.ch\/wp-content\/uploads\/2021\/06\/eleganti-LEICHTBAU-UND-SYSTEMBAU_2-600x400.jpg 600w, https:\/\/eleganti-bauunternehmung.ch\/wp-content\/uploads\/2021\/06\/eleganti-LEICHTBAU-UND-SYSTEMBAU_2-768x513.jpg 768w\" sizes=\"(max-width: 900px) 100vw, 900px\" \/>\t\t\t\t\t\t\t\t\t\t\t\t\t\t\t<\/div>\n\t\t\t\t<\/div>\n\t\t\t\t\t<\/div>\n\t\t<\/div>\n\t\t\t\t\t<\/div>\n\t\t<\/section>\n\t\t\t\t<section class=\"elementor-section elementor-top-section elementor-element elementor-element-3bd933a6 elementor-section-boxed elementor-section-height-default elementor-section-height-default\" data-id=\"3bd933a6\" data-element_type=\"section\" data-e-type=\"section\" data-settings=\"{&quot;background_background&quot;:&quot;classic&quot;}\">\n\t\t\t\t\t\t\t<div class=\"elementor-background-overlay\"><\/div>\n\t\t\t\t\t\t\t<div class=\"elementor-container elementor-column-gap-default\">\n\t\t\t\t\t<div class=\"elementor-column elementor-col-100 elementor-top-column elementor-element elementor-element-e3d0f16\" data-id=\"e3d0f16\" data-element_type=\"column\" data-e-type=\"column\">\n\t\t\t<div class=\"elementor-widget-wrap elementor-element-populated\">\n\t\t\t\t\t\t<div class=\"elementor-element elementor-element-4699bf23 elementor-widget elementor-widget-heading\" data-id=\"4699bf23\" data-element_type=\"widget\" data-e-type=\"widget\" data-widget_type=\"heading.default\">\n\t\t\t\t<div class=\"elementor-widget-container\">\n\t\t\t\t\t<h2 class=\"elementor-heading-title elementor-size-default\">Vorteile von ELEGANTI Leichtbau und Systembau auf einen Blick:<\/h2>\t\t\t\t<\/div>\n\t\t\t\t<\/div>\n\t\t\t\t<div class=\"elementor-element elementor-element-f80189b elementor-widget-divider--view-line elementor-widget elementor-widget-divider\" data-id=\"f80189b\" data-element_type=\"widget\" data-e-type=\"widget\" data-widget_type=\"divider.default\">\n\t\t\t\t<div class=\"elementor-widget-container\">\n\t\t\t\t\t\t\t<div class=\"elementor-divider\">\n\t\t\t<span class=\"elementor-divider-separator\">\n\t\t\t\t\t\t<\/span>\n\t\t<\/div>\n\t\t\t\t\t\t<\/div>\n\t\t\t\t<\/div>\n\t\t\t\t<div class=\"elementor-element elementor-element-5bad3e13 elementor-widget elementor-widget-text-editor\" data-id=\"5bad3e13\" data-element_type=\"widget\" data-e-type=\"widget\" data-widget_type=\"text-editor.default\">\n\t\t\t\t<div class=\"elementor-widget-container\">\n\t\t\t\t\t\t\t\t\t<ul><li>Fertigung in gleichbleibend hoher Pr\u00e4zision<\/li><li>\u00f6kologische, energieeffiziente, gesunde Bauweise<\/li><li>individuelle, f\u00fcr die verschiedensten Geb\u00e4ude massgeschneiderte L\u00f6sungen<\/li><li>emissionsarme, schnelle Montage<\/li><li>Realisierung von ungew\u00f6hnlichen Formen, Raumnutzungskonzepten sowie Sonderw\u00fcnschen sind flexibel m\u00f6glich<\/li><li>Kosten- und Termingarantie<\/li><\/ul><p>Als Schweizer Unternehmen wissen wir unsere Kundschaft zu sch\u00e4tzen und legen deshalb von Anfang an h\u00f6chsten Wert auf eine umfassende pers\u00f6nliche Betreuung. Jedes Leichtbauprojekt ist anders, Arbeiten nach Schema F sehr selten. Sagen Sie uns, was Sie brauchen, und wir offerieren Ihnen perfekte L\u00f6sungen mit preiswerten Systembauteilen, die f\u00fcr Ihre Anspr\u00fcche optimal sind.<br \/><br \/>Auf Wunsch zeigen Ihnen unsere Experten im Zuge der Beratung auf, wie Sie mit modernem Leichtbau die Schall-, W\u00e4rme-, Strahlungs- und Brandschutzwerte Ihrer Liegenschaft verbessern k\u00f6nnen.<\/p>\t\t\t\t\t\t\t\t<\/div>\n\t\t\t\t<\/div>\n\t\t\t\t\t<\/div>\n\t\t<\/div>\n\t\t\t\t\t<\/div>\n\t\t<\/section>\n\t\t\t\t<\/div>\n\t\t","protected":false},"excerpt":{"rendered":"<p>LEICHTBAU- UND SYSTEMBAU Leichtbau und Systembau sind die schnellsten, effektivsten und flexibelsten Formen des Bauens. Dank kurzer Trocknungszeiten gibt es im Bauwerk kaum Feuchtigkeit. Zudem sind Aufteilungen und Formen frei&#8230;<\/p>\n","protected":false},"author":7,"featured_media":0,"parent":0,"menu_order":3,"comment_status":"closed","ping_status":"closed","template":"elementor_header_footer","meta":{"inline_featured_image":false,"footnotes":""},"class_list":["post-1275","page","type-page","status-publish"],"yoast_head":"<!-- This site is optimized with the Yoast SEO plugin v27.5 - https:\/\/yoast.com\/product\/yoast-seo-wordpress\/ -->\n<title>LEICHTBAU- UND SYSTEMBAU - Die Luzerner Bauunternehmung AG<\/title>\n<meta name=\"description\" content=\"LEICHTBAU- UND SYSTEMBAU; Leichtbau und Systembau sind die schnellsten, effektivsten und flexibelsten Formen des Bauens. Dank kurzer ...\" \/>\n<meta name=\"robots\" content=\"index, follow, max-snippet:-1, max-image-preview:large, max-video-preview:-1\" \/>\n<link rel=\"canonical\" href=\"https:\/\/eleganti-bauunternehmung.ch\/?page_id=1275\" \/>\n<meta property=\"og:locale\" content=\"de_DE\" \/>\n<meta property=\"og:type\" content=\"article\" \/>\n<meta property=\"og:title\" content=\"LEICHTBAU- UND SYSTEMBAU - Die Luzerner Bauunternehmung AG\" \/>\n<meta property=\"og:description\" content=\"LEICHTBAU- UND SYSTEMBAU; Leichtbau und Systembau sind die schnellsten, effektivsten und flexibelsten Formen des Bauens. Dank kurzer ...\" \/>\n<meta property=\"og:url\" content=\"https:\/\/eleganti-bauunternehmung.ch\/?page_id=1275\" \/>\n<meta property=\"og:site_name\" content=\"ELEGANTI Bauunternehmung AG\" \/>\n<meta property=\"article:modified_time\" content=\"2021-08-30T12:04:26+00:00\" \/>\n<meta property=\"og:image\" content=\"https:\/\/eleganti-bauunternehmung.ch\/wp-content\/uploads\/2021\/06\/eleganti-LEICHTBAU-UND-SYSTEMBAU_3.jpg\" \/>\n<meta name=\"twitter:card\" content=\"summary_large_image\" \/>\n<meta name=\"twitter:label1\" content=\"Gesch\u00e4tzte Lesezeit\" \/>\n\t<meta name=\"twitter:data1\" content=\"3\u00a0Minuten\" \/>\n<script type=\"application\/ld+json\" class=\"yoast-schema-graph\">{\"@context\":\"https:\\\/\\\/schema.org\",\"@graph\":[{\"@type\":\"WebPage\",\"@id\":\"https:\\\/\\\/eleganti-bauunternehmung.ch\\\/?page_id=1275\",\"url\":\"https:\\\/\\\/eleganti-bauunternehmung.ch\\\/?page_id=1275\",\"name\":\"LEICHTBAU- UND SYSTEMBAU - Die Luzerner Bauunternehmung AG\",\"isPartOf\":{\"@id\":\"https:\\\/\\\/eleganti-bauunternehmung.ch\\\/#website\"},\"primaryImageOfPage\":{\"@id\":\"https:\\\/\\\/eleganti-bauunternehmung.ch\\\/?page_id=1275#primaryimage\"},\"image\":{\"@id\":\"https:\\\/\\\/eleganti-bauunternehmung.ch\\\/?page_id=1275#primaryimage\"},\"thumbnailUrl\":\"https:\\\/\\\/eleganti-bauunternehmung.ch\\\/wp-content\\\/uploads\\\/2021\\\/06\\\/eleganti-LEICHTBAU-UND-SYSTEMBAU_3.jpg\",\"datePublished\":\"2021-06-11T11:13:16+00:00\",\"dateModified\":\"2021-08-30T12:04:26+00:00\",\"description\":\"LEICHTBAU- UND SYSTEMBAU; Leichtbau und Systembau sind die schnellsten, effektivsten und flexibelsten Formen des Bauens. Dank kurzer ...\",\"breadcrumb\":{\"@id\":\"https:\\\/\\\/eleganti-bauunternehmung.ch\\\/?page_id=1275#breadcrumb\"},\"inLanguage\":\"de\",\"potentialAction\":[{\"@type\":\"ReadAction\",\"target\":[\"https:\\\/\\\/eleganti-bauunternehmung.ch\\\/?page_id=1275\"]}]},{\"@type\":\"ImageObject\",\"inLanguage\":\"de\",\"@id\":\"https:\\\/\\\/eleganti-bauunternehmung.ch\\\/?page_id=1275#primaryimage\",\"url\":\"https:\\\/\\\/eleganti-bauunternehmung.ch\\\/wp-content\\\/uploads\\\/2021\\\/06\\\/eleganti-LEICHTBAU-UND-SYSTEMBAU_3.jpg\",\"contentUrl\":\"https:\\\/\\\/eleganti-bauunternehmung.ch\\\/wp-content\\\/uploads\\\/2021\\\/06\\\/eleganti-LEICHTBAU-UND-SYSTEMBAU_3.jpg\",\"width\":900,\"height\":601},{\"@type\":\"BreadcrumbList\",\"@id\":\"https:\\\/\\\/eleganti-bauunternehmung.ch\\\/?page_id=1275#breadcrumb\",\"itemListElement\":[{\"@type\":\"ListItem\",\"position\":1,\"name\":\"Startseite\",\"item\":\"https:\\\/\\\/eleganti-bauunternehmung.ch\\\/\"},{\"@type\":\"ListItem\",\"position\":2,\"name\":\"LEICHTBAU- UND SYSTEMBAU\"}]},{\"@type\":\"WebSite\",\"@id\":\"https:\\\/\\\/eleganti-bauunternehmung.ch\\\/#website\",\"url\":\"https:\\\/\\\/eleganti-bauunternehmung.ch\\\/\",\"name\":\"ELEGANTI Bauunternehmung AG\",\"description\":\"www.eleganti-bauunternehmung.ch\",\"publisher\":{\"@id\":\"https:\\\/\\\/eleganti-bauunternehmung.ch\\\/#organization\"},\"potentialAction\":[{\"@type\":\"SearchAction\",\"target\":{\"@type\":\"EntryPoint\",\"urlTemplate\":\"https:\\\/\\\/eleganti-bauunternehmung.ch\\\/?s={search_term_string}\"},\"query-input\":{\"@type\":\"PropertyValueSpecification\",\"valueRequired\":true,\"valueName\":\"search_term_string\"}}],\"inLanguage\":\"de\"},{\"@type\":\"Organization\",\"@id\":\"https:\\\/\\\/eleganti-bauunternehmung.ch\\\/#organization\",\"name\":\"Webseite Name\",\"url\":\"https:\\\/\\\/eleganti-bauunternehmung.ch\\\/\",\"logo\":{\"@type\":\"ImageObject\",\"inLanguage\":\"de\",\"@id\":\"https:\\\/\\\/eleganti-bauunternehmung.ch\\\/#\\\/schema\\\/logo\\\/image\\\/\",\"url\":\"\",\"contentUrl\":\"\",\"caption\":\"Webseite Name\"},\"image\":{\"@id\":\"https:\\\/\\\/eleganti-bauunternehmung.ch\\\/#\\\/schema\\\/logo\\\/image\\\/\"}}]}<\/script>\n<!-- \/ Yoast SEO plugin. -->","yoast_head_json":{"title":"LEICHTBAU- UND SYSTEMBAU - Die Luzerner Bauunternehmung AG","description":"LEICHTBAU- UND SYSTEMBAU; Leichtbau und Systembau sind die schnellsten, effektivsten und flexibelsten Formen des Bauens. Dank kurzer ...","robots":{"index":"index","follow":"follow","max-snippet":"max-snippet:-1","max-image-preview":"max-image-preview:large","max-video-preview":"max-video-preview:-1"},"canonical":"https:\/\/eleganti-bauunternehmung.ch\/?page_id=1275","og_locale":"de_DE","og_type":"article","og_title":"LEICHTBAU- UND SYSTEMBAU - Die Luzerner Bauunternehmung AG","og_description":"LEICHTBAU- UND SYSTEMBAU; Leichtbau und Systembau sind die schnellsten, effektivsten und flexibelsten Formen des Bauens. Dank kurzer ...","og_url":"https:\/\/eleganti-bauunternehmung.ch\/?page_id=1275","og_site_name":"ELEGANTI Bauunternehmung AG","article_modified_time":"2021-08-30T12:04:26+00:00","og_image":[{"url":"https:\/\/eleganti-bauunternehmung.ch\/wp-content\/uploads\/2021\/06\/eleganti-LEICHTBAU-UND-SYSTEMBAU_3.jpg","type":"","width":"","height":""}],"twitter_card":"summary_large_image","twitter_misc":{"Gesch\u00e4tzte Lesezeit":"3\u00a0Minuten"},"schema":{"@context":"https:\/\/schema.org","@graph":[{"@type":"WebPage","@id":"https:\/\/eleganti-bauunternehmung.ch\/?page_id=1275","url":"https:\/\/eleganti-bauunternehmung.ch\/?page_id=1275","name":"LEICHTBAU- UND SYSTEMBAU - Die Luzerner Bauunternehmung AG","isPartOf":{"@id":"https:\/\/eleganti-bauunternehmung.ch\/#website"},"primaryImageOfPage":{"@id":"https:\/\/eleganti-bauunternehmung.ch\/?page_id=1275#primaryimage"},"image":{"@id":"https:\/\/eleganti-bauunternehmung.ch\/?page_id=1275#primaryimage"},"thumbnailUrl":"https:\/\/eleganti-bauunternehmung.ch\/wp-content\/uploads\/2021\/06\/eleganti-LEICHTBAU-UND-SYSTEMBAU_3.jpg","datePublished":"2021-06-11T11:13:16+00:00","dateModified":"2021-08-30T12:04:26+00:00","description":"LEICHTBAU- UND SYSTEMBAU; Leichtbau und Systembau sind die schnellsten, effektivsten und flexibelsten Formen des Bauens. Dank kurzer ...","breadcrumb":{"@id":"https:\/\/eleganti-bauunternehmung.ch\/?page_id=1275#breadcrumb"},"inLanguage":"de","potentialAction":[{"@type":"ReadAction","target":["https:\/\/eleganti-bauunternehmung.ch\/?page_id=1275"]}]},{"@type":"ImageObject","inLanguage":"de","@id":"https:\/\/eleganti-bauunternehmung.ch\/?page_id=1275#primaryimage","url":"https:\/\/eleganti-bauunternehmung.ch\/wp-content\/uploads\/2021\/06\/eleganti-LEICHTBAU-UND-SYSTEMBAU_3.jpg","contentUrl":"https:\/\/eleganti-bauunternehmung.ch\/wp-content\/uploads\/2021\/06\/eleganti-LEICHTBAU-UND-SYSTEMBAU_3.jpg","width":900,"height":601},{"@type":"BreadcrumbList","@id":"https:\/\/eleganti-bauunternehmung.ch\/?page_id=1275#breadcrumb","itemListElement":[{"@type":"ListItem","position":1,"name":"Startseite","item":"https:\/\/eleganti-bauunternehmung.ch\/"},{"@type":"ListItem","position":2,"name":"LEICHTBAU- UND SYSTEMBAU"}]},{"@type":"WebSite","@id":"https:\/\/eleganti-bauunternehmung.ch\/#website","url":"https:\/\/eleganti-bauunternehmung.ch\/","name":"ELEGANTI Bauunternehmung AG","description":"www.eleganti-bauunternehmung.ch","publisher":{"@id":"https:\/\/eleganti-bauunternehmung.ch\/#organization"},"potentialAction":[{"@type":"SearchAction","target":{"@type":"EntryPoint","urlTemplate":"https:\/\/eleganti-bauunternehmung.ch\/?s={search_term_string}"},"query-input":{"@type":"PropertyValueSpecification","valueRequired":true,"valueName":"search_term_string"}}],"inLanguage":"de"},{"@type":"Organization","@id":"https:\/\/eleganti-bauunternehmung.ch\/#organization","name":"Webseite Name","url":"https:\/\/eleganti-bauunternehmung.ch\/","logo":{"@type":"ImageObject","inLanguage":"de","@id":"https:\/\/eleganti-bauunternehmung.ch\/#\/schema\/logo\/image\/","url":"","contentUrl":"","caption":"Webseite Name"},"image":{"@id":"https:\/\/eleganti-bauunternehmung.ch\/#\/schema\/logo\/image\/"}}]}},"_links":{"self":[{"href":"https:\/\/eleganti-bauunternehmung.ch\/index.php?rest_route=\/wp\/v2\/pages\/1275","targetHints":{"allow":["GET"]}}],"collection":[{"href":"https:\/\/eleganti-bauunternehmung.ch\/index.php?rest_route=\/wp\/v2\/pages"}],"about":[{"href":"https:\/\/eleganti-bauunternehmung.ch\/index.php?rest_route=\/wp\/v2\/types\/page"}],"author":[{"embeddable":true,"href":"https:\/\/eleganti-bauunternehmung.ch\/index.php?rest_route=\/wp\/v2\/users\/7"}],"replies":[{"embeddable":true,"href":"https:\/\/eleganti-bauunternehmung.ch\/index.php?rest_route=%2Fwp%2Fv2%2Fcomments&post=1275"}],"version-history":[{"count":3,"href":"https:\/\/eleganti-bauunternehmung.ch\/index.php?rest_route=\/wp\/v2\/pages\/1275\/revisions"}],"predecessor-version":[{"id":2952,"href":"https:\/\/eleganti-bauunternehmung.ch\/index.php?rest_route=\/wp\/v2\/pages\/1275\/revisions\/2952"}],"wp:attachment":[{"href":"https:\/\/eleganti-bauunternehmung.ch\/index.php?rest_route=%2Fwp%2Fv2%2Fmedia&parent=1275"}],"curies":[{"name":"wp","href":"https:\/\/api.w.org\/{rel}","templated":true}]}}